44
Let f be (6/(-3))/((-8)/4) - -11. Let o be (-84)/(-8)*(-1 - (-68)/f). Let k = o - 39. Calculate the remainder when 18 is divided by k.
8
Let g(s) = 18*s - 199. Let r be g(32). Let y = -356 + r. Calculate the remainder when 28 is divided by y.
7
Let a = -11582 - -11670. Let u be 6/(-6) + -1 + 30. Let r = 3 + u. What is the remainder when a is divided by r?
26
Suppose -3*s + 55*s = 33*s + 135565. What is the remainder when s is divided by 51?
46
Suppose 1602 + 39 = 19*m - 468. Calculate the remainder when 280 is divided by m.
58
Let d(q) = -302*q - 31608. Calculate the remainder when d(-105) is divided by (-3)/6 - 37/(-2).
12
Suppose 4*g = -3*n + 35 - 4, 5*n - 5*g = 5. Suppose 2*y + 4*f - 8*f - 96 = 0, n*y - 216 = 4*f. Calculate the remainder when 358 is divided by y.
38
Suppose c - 5*c - 8 = 0. Let f be 3 + 1 - -1 - (-1 - c). Suppose -66 = -f*s + s. What is the remainder when 41 is divided by s?
19
Suppose 0 = 4*m, -94419 = -4*l - m + 27909. Calculate the remainder when l is divided by 15.
12
Let a(c) = -45*c - 2. Calculate the remainder when (-128)/16 - (-9)/((-45)/(-670)) is divided by a(-1).
40
Let u be (-6)/(-15) + 309/15. Suppose -14*a + 50 = 134. What is the remainder when 41 is divided by (-3 - a) + u - 0?
17
Calculate the remainder when 473 is divided by (-2)/(-17) + ((-1107694)/(-15827) - 12/114).
53
Let q = -844 + 859. What is the remainder when 989 is divided by q?
14
What is the remainder when 16 is divided by 903/(-2408) - (-246)/16?
1
Let m(t) be the second derivative of -t**4/12 - 9*t**3/2 - 77*t**2/2 + 188*t. Calculate the remainder when 148 is divided by m(-23).
13
Let t(s) = 2*s**2 + 12*s + 12. Let n be t(-12). Let m = -144 + n. Let a(i) = -59*i**3 - 2*i**2 - i. Calculate the remainder when a(-1) is divided by m.
10
Let s(v) = -v**3 - v**2 + 13*v - 26. Let t = 115 + 105. Calculate the remainder when t is divided by s(-6).
68
Let t = 13045 - 13023. Calculate the remainder when 737 is divided by t.
11
Let p(g) = 20 + 2*g**2 + 15 - 4 - 7 + 7*g. Calculate the remainder when 116 is divided by p(-5).
38
Suppose -249 = -3*y - 4*n, -483*n + 231 = 3*y - 485*n. What is the remainder when 864 is divided by y?
74
Suppose -5*t - t = 2*t. Suppose t = -26*c + 324 + 924. Calculate the remainder when 87 is divided by c.
39
Let d = 5588 + -5584. Let u = 210 + -74. Suppose 3*j = d*y - u, 95 = -y + 4*y - 4*j. Calculate the remainder when y is divided by 4.
1
Let p be (-6)/15 + (-744)/15. Let j = p + -11. Let t = -46 - j. Calculate the remainder when 27 is divided by t.
12
Suppose t - 3*i + 2*i = -36, 46 = -t + 3*i. Suppose -2*p + 3*p = -38. Let s = t - p. Calculate the remainder when 11 is divided by s.
4
Let p(h) = h**2 - 11*h + 61. Suppose 15*c - 4 = 71. Calculate the remainder when p(8) is divided by c.
2
Suppose 0 = -4*t + 3*w + 33294, 0 = 4*t - w + 7656 - 40938. Calculate the remainder when t is divided by 19.
16
Let w(m) = -11*m + 12*m - 6 + m + 2*m**2 - m**2. Calculate the remainder when w(3) is divided by 5.
4
Suppose 10*m - 12*m - 5*c = -14858, -2*c = -6*m + 44540. Calculate the remainder when m is divided by 18.
8
Let w = 330 + -173. What is the remainder when w is divided by -1 - 1*-1 - (-23)/1?
19
Suppose -143*l + 11936 = -127*l. Let q = -666 + l. Calculate the remainder when q is divided by 18.
8
Let d(u) = -u**3 + 15*u**2 - 33*u + 64. Calculate the remainder when 6657 is divided by d(11).
182
Let t be (-105)/(-70)*(-3)/((-9)/10). Suppose 55 = t*v + 2*x, 0 = -2*v - 3*x + 8*x + 22. What is the remainder when 86 is divided by v?
9
Calculate the remainder when 559 is divided by ((-567)/(-18))/((-81)/(-54)).
13
Let m(g) = 4*g**2 + 4*g - 1. Let q be (505/(-25) - -7)*(-4 - 1). Let t = q - -69. Calculate the remainder when t is divided by m(-3).
20
Suppose 4 = 3*d - 4*t - 5, 4*t = 5*d - 7. Let m = d + 4. Let k(v) = 2*v - 162. Calculate the remainder when m is divided by k(82).
1
Suppose -3*c + 0*c + 66 = 0. Suppose 0 = 5*m + 4*q - 501, 358 = 2*m + 18*q + 92. What is the remainder when m is divided by c?
9
Let n(p) be the third derivative of p**5/15 + 7*p**4/3 + 8*p**3/3 - 2*p**2. Calculate the remainder when 143 is divided by n(-14).
15
Let u = 36 + -34. Suppose u*g = -2*g + 3*l - 12, -3*g - 3*l = -12. Suppose -z + 10 + 47 = g. Calculate the remainder when z is divided by 30.
27
Let i = -14595 + 18133. What is the remainder when i is divided by 30?
28
Let p(s) = 2*s - 7. Let k be p(5). Let v = 16 + k. Let q(x) = -x**2 + 23*x - 37. What is the remainder when q(v) is divided by 8?
7
Let d = -9 - -27. Suppose -4*y + 100 + 69 = 5*l, -3*y - 5*l = -123. Let a = y - 36. Calculate the remainder when d is divided by a.
8
Suppose -3*i = 5*w - 28, -3*i = i - 4*w + 16. Suppose -1082 = -14*r + 220. Let m = 95 - r. What is the remainder when m is divided by i?
0
Let k = 488 + -710. Let a = k + 454. What is the remainder when a is divided by 39?
37
Let b(u) = -u**2 + u**3 + 3*u**3 + 1 - 4*u + 3*u. Calculate the remainder when 18/(-42) - (-1 - 157/7) is divided by b(1).
2
Let a = -12502 - -12626. What is the remainder when a is divided by 32?
28
Suppose 513*w - 573*w = -1920. Suppose -5*c + 88 = -692. What is the remainder when c is divided by w?
28
Suppose -8*x = 171*x + 111*x - 24650. Let p = -13 + 31. Calculate the remainder when x is divided by p.
13
Suppose 2*o - 99*o - 92*o + 7749 = 0. Calculate the remainder when 111 is divided by o.
29
Let x(n) = n**3 - 12*n**2 + 4*n - 44. Let l be x(12). Calculate the remainder when (-76 + 6)*l/(-8) is divided by 25.
10
Let l(s) = s + 2. Let i be l(1). Suppose 3*x + 80 + 9 = 5*q, -q = i*x - 25. What is the remainder when q is divided by 2?
1
Let m(f) = 24*f**2 + f. Let b be m(2). Let r = 173 - b. Calculate the remainder when r is divided by 4*4 + (7 - 4).
18
Let u(m) = -4*m**2 + 14*m - 8. Let i be u(-8). Let h = i - -464. What is the remainder when h is divided by (-4)/((-1)/(-5)*-2)?
8
Let v(x) = 226*x**2 + 1338*x - 8. What is the remainder when 299 is divided by v(-6)?
99
Suppose m + 46*p - 257 = 43*p, 4*p + 1266 = 5*m. Calculate the remainder when m is divided by 46.
24
Let q(y) = 10*y - 16. Let i be q(2). Suppose -4*f - 5*d = f + 35, -16 = f + i*d. Calculate the remainder when 48 - (f/34 - 108/(-51)) is divided by 16.
14
Let z(m) = -3*m + 47. What is the remainder when z(5) is divided by 3/(-5) + 290/25?
10
Let i(m) = -m + 3. Let t be i(0). Suppose -4*k + 3*x - t = -2*k, -4 = -k - 4*x. Suppose k*h - 38 = -2*h. What is the remainder when 35 is divided by h?
16
Let n = -1907 + 1919. What is the remainder when 1185 is divided by n?
9
Let c(s) = 8*s - 352. Let l be c(44). Suppose l = 5*u - 5*m - 250, -5*u - 2*m = -228 - 1. Calculate the remainder when u is divided by 24.
23
Let z be 2 + -2*26/(-4). Suppose r = 4*r - z. Calculate the remainder when r is divided by (-3)/(-2) - 4/(-8).
1
Suppose -147*b + 172 = -145*b. Let s = b - 69. What is the remainder when (-915)/(-9) - 2/3 is divided by s?
16
Let z be 9/18 + 12/8 + -3. Let q(p) = -53*p**3 + 2*p**2 + 7*p + 5. Suppose 5*l - 32 = -2*k + l, 11 = k - 3*l. What is the remainder when q(z) is divided by k?
11
Let w(a) = 292*a - 712. What is the remainder when w(7) is divided by 444?
0
Suppose 0 = t - 0*t + 4*y - 139, -6 = 2*y. Let b = t - 66. Let v = b - 48. What is the remainder when 146 is divided by v?
35
Let k be 7*(-120)/(-22) - 4/22. Let d = 20 + k. Calculate the remainder when d is divided by 42.
16
Let t(v) = 12*v**3 - v**2 - v + 3. Let j be t(2). Let o be (j + -4)/(-2 + 1). Let n = 45 - o. What is the remainder when n is divided by 27?
26
Calculate the remainder when (-4)/(-66) + 1945524/396 + 4 is divided by 40.
37
Let x(v) = -v**3 + 6*v**2 - v - 4. What is the remainder when 114 is divided by x(-1)?
2
Let r = 332 - 139. What is the remainder when r is divided by (6 - (-1469)/65) + 3/(-5)?
25
Let h(b) = -18 + 10 + 8 + 149 + 4*b - 5*b. What is the remainder when h(42) is divided by 24?
11
Suppose -156*y = -219816 - 528048. What is the remainder when y is divided by 1594?
12
Let a(j) be the first derivative of j**4/2 + 3*j**2/2 + 66*j + 82. Calculate the remainder when a(0) is divided by 23.
20
Let f(c) = 7*c**3 - 26*c**2 + 40*c + 73. What is the remainder when f(6) is divided by 81?
79
Let g(n) = -3*n**2 + 12*n - 23. Let d be g(6). Let z = -72 - d. Let 